lculate i(t).
-10
Suppose 6 = -4*x - 2*v + 72, -4*v = 3*x - 47. Let r(c) = -16*c**2 + 14*c**2 - 15*c + x*c. What is r(2)?
-4
Suppose -3*z = 21 - 30. Let q(j) = -4 - 3*j + 2*j - 2*j + z*j**2. Calculate q(3).
14
Let a(v) be the third derivative of -11*v**2 + 1/60*v**5 + 3/8*v**4 + 0*v - 4/3*v**3 + 0. Give a(-9).
-8
Let u(w) be the second derivative of w**4/12 + w**3/3 + 3*w**2/2 - 140*w. Determine u(-3).
6
Let g(p) = p**3 - 4*p**2 + 5*p - 3. Let q be g(3). Let y(n) = n**q - 11*n + 4 - 8 + 20*n**2 - 10*n**2. Let t be y(-11). Let c(h) = -h + 1. Calculate c(t).
5
Let q(v) = 3*v + 11. Let w be q(-3). Let y(f) = 3 + 2*f**w - 2*f - 2 - f**2 - 3*f. Determine y(6).
7
Let x(o) be the first derivative of o**4/2 + o**3/3 + o**2/2 - o + 65. Let q be (3/(-6))/1*-2. Give x(q).
3
Suppose 0 = -83*o + 36*o - 141. Let g(y) = 3*y + y**2 - 4 + 3 + 2. What is g(o)?
1
Let x(w) = -w**3 + 10. Let b(p) = -p**2 - 16*p - 15. Let l = 9 - 24. Let a be b(l). Let t be 1*a/(-5 + 1). Calculate x(t).
10
Let i = 21 + -16. Let t(l) = -2 - i + 11*l - 5*l - 5*l. Calculate t(-6).
-13
Let k(l) = -7*l**2 + 7*l + 6. Let p(v) = v**2 - v - 1. Suppose 16 = 10*g - 44. Let j(b) = g*p(b) + k(b). Suppose 4*i - 5*i = 1. What is j(i)?
-2
Suppose 0 = 5*d - 25*d + 20. Let n(t) = t**3 + t**2 - 2*t**3 - 2*t**3. Give n(d).
-2
Let f(c) = -c**2 - 13*c - 11. Let t(k) = -8*k**2 + 23*k + 22. Let s be t(-1). Determine f(s).
25
Let u(g) = 6*g + g**2 - 5 + 2*g - 2*g**2. Let c = -59 - -65. What is u(c)?
7
Let b(f) be the third derivative of -f**6/120 + f**5/20 + 7*f**4/24 + 109*f**2. Determine b(4).
12
Suppose 0 = 27*c - 31*c - 5*n + 52, -n = 4. Let u(r) = r**2 - 17*r - 8. Calculate u(c).
10
Let z be (-54)/(-135)*(1 - (23 + 3)). Let h(k) = -k**3 - 11*k**2 - 10*k - 7. Determine h(z).
-7
Let y = -175 + 353/2. Let l(p) be the first derivative of y*p**2 - 12 - p. Give l(-6).
-19
Let n(p) = -5*p**3 - 12*p**2 - 13*p - 15. Let i(w) = w**3 + w**2 + 2*w + 3. Let q(g) = -6*i(g) - n(g). Give q(6).
3
Let r(o) = 7 + 6 - 435246*o + 435249*o. Calculate r(-3).
4
Let p(c) = -6*c - 3. Suppose 0*q - 20 = 4*l - 2*q, 2*l = 4*q - 22. Determine p(l).
15
Let d(t) = 12*t + 10. Let h(u) = -2*u. Let i(l) = -d(l) - 5*h(l). Let r(q) = 1. Let n(f) = -3. Let j(b) = -n(b) - 2*r(b). Let x(o) = i(o) + 8*j(o). Give x(-2).
2
Let y(d) = -2 + 3 + 2*d + 0 - 10. Let v(i) = -2*i + 8. Let b(w) = -6*v(w) - 5*y(w). Give b(5).
7
Let h(m) be the third derivative of -m**5/60 - m**4/2 - 3*m**3/2 + 500*m**2. What is h(-7)?
26
Let b(p) = 2*p**2 + 6*p. Suppose 422 = -7*d + 394. Determine b(d).
8
Let r(c) = c**3 - 2*c + 1. Let v be r(-2). Let b(s) = -s**2 - 6*s + 5. Let k be b(-6). Let z(j) = -4*j - 1 + 2 + 0 + k*j. Calculate z(v).
-2
Let t(v) = -v**3 - 5*v**2 + 1. Let r = -44 - -55. Suppose -5*u - 17 = -a, -a - 2*u + 58 = 4*a. Suppose a*o = r*o - 5. Give t(o).
1
Let j(p) = -p**2 - 18*p - 14. Let l be j(-17). Suppose -8*c + l*c - 20 = -5*s, c + 2*s + 4 = 0. Let m(f) = -f**2 - 3*f - 1. Determine m(c).
-5
Suppose 0 = -2*u - u + 18. Suppose -3*m + u*m - 15 = 0. Let k(c) = -c**2 + 5*c. Give k(m).
0
Let c(h) = 3*h - 12. Suppose 2*d + 3*t = -5, -4*t = 3*d + 3 + 2. Let r be c(d). Let l(b) = 5*b + r - 4 + 5 - 2*b. What is l(-3)?
-5
Let l(m) = 1 - m**3 - 6 + 1 + 3*m + 2*m**2. Let a(g) = -g**3 + 4*g**2 + 11*g - 18. Let w be a(5). Suppose 24 = -w*o + 20*o. Determine l(o).
-4
Let b(i) = 2*i + 26. Let v(r) = -2*r**2 + 26*r - 60. Let g be v(3). Determine b(g).
26
Let l(p) = -4*p - 37. Let i be l(-8). Let d(q) = q**3 + 5*q**2 + 4*q + 2. Give d(i).
-18
Let a(j) be the second derivative of -j**5/60 - j**4/6 - 2*j**3/3 + 2*j**2 - 9*j. Let u(w) be the first derivative of a(w). Calculate u(-3).
-1
Let g be (-10)/4*20/(-25). Suppose -16 = 4*p, 9*p + 18 = g*q + 4*p. Let o(l) = 5*l**3 + l**2 - 1. Determine o(q).
-5
Suppose -3*y + k - 102 = 0, 2*y - 3*y - 2*k - 41 = 0. Let v = 28 + y. Let w(b) = -b**3 - 7*b**2 - b. Calculate w(v).
7
Let f(n) = 2*n + 2 + 10*n - n. Determine f(1).
13
Suppose -2*t = 2*u - 0 + 8, 4 = -t. Let k(c) be the first derivative of c**5/60 - 2*c**3 - 19*c**2 - 60. Let l(j) be the second derivative of k(j). Give l(u).
-12
Let a = 45 + -25. Suppose -27 = -3*j + 2*g + 11, 4*g = -2*j + a. Suppose -5*y + 21 = -j*y. Let f(p) = -p**2 - 2*p + 2. Give f(y).
-1
Let i(f) be the third derivative of 2*f**2 + 1/24*f**4 + 0*f - 1/3*f**3 + 0. Give i(-5).
-7
Let v = -7 - 0. Let s(g) = -g**2 - 6*g + 9. Let i be s(v). Let p(c) be the third derivative of c**5/60 - c**4/12 + c**3/2 + 4*c**2. Give p(i).
3
Let o(h) = 5*h + 3 + 5 - 6. Suppose -3*u + 7 - 1 = 0. Suppose -15 = 3*k + u*k. What is o(k)?
-13
Let y(m) = 7*m**3 - 3*m**2 + 2*m - 9. Let l(d) = 6*d**3 - 3*d**2 + d - 8. Let b(c) = 5*l(c) - 4*y(c). Determine b(3).
14
Let s(q) = -33*q**3 - 4*q**2 + 7*q - 7. Let n(y) = -22*y**3 - 3*y**2 + 5*y - 5. Let g(r) = -7*n(r) + 5*s(r). Suppose 107*z = 92*z + 15. Give g(z).
-10
Let f(g) = -2*g - 125 - 128 - g + 238. Give f(-5).
0
Let l = -23 + 28. Suppose -5 = l*n + 5. Let v(s) = -2*s + 0*s**2 + s - 1 + 2*s + s**2. What is v(n)?
1
Let s(p) = p**3 - 6*p**2 + p + 8. Suppose -4*n + 132 = 18*n. What is s(n)?
14
Let p(h) = -9*h**2 + 7*h. Let t(n) = -2*n**2 + 2*n. Let d(f) = p(f) - 4*t(f). Suppose -4*w + 1 = -3. Calculate d(w).
-2
Let c(r) be the third derivative of 0*r + 0 - 1/12*r**4 + r**2 - 1/2*r**3. Suppose 5*s = -2 + 27. Calculate c(s).
-13
Let w(s) be the second derivative of -s**4/6 - 17*s**3/6 - 8*s**2 + 196*s. Determine w(-7).
5
Let w(g) = g + 10*g**2 - 3*g + 2 - 13*g**2 - g**3. Suppose -y + 2 + 1 = 0. Suppose -1 = -y*n - 10. Determine w(n).
8
Let c(j) = j**2 + 7*j - 17. Suppose 34 + 323 = -51*s. Give c(s).
-17
Let j(o) = o + 9. Suppose 0 = -y + 2 - 12. Let x be (2/2 - -1) + y. Calculate j(x).
1
Let l be 21/5 - 3/15. Let c(t) = l*t + 1 + 2*t**3 + 2*t**2 - t**3 - 8*t. Give c(-3).
4
Let l(k) be the third derivative of -k**4/24 - 942*k**2. Let u be -3*(4/(-3) - -2). Determine l(u).
2
Let n be ((-6)/(-5))/(8/20). Let u be (3 - 0) + (1 - -1). Let y(q) = 0*q - 3 - u*q + n*q + 3*q. Give y(0).
-3
Let t = -5 - -10. Let d(h) = 15*h + h - 21*h - 6 + 6*h. Determine d(t).
-1
Let u(l) = -l + 9. Let i be (-6)/4*24/(-6 - 0). Determine u(i).
3
Let o(r) = -102 - 103 - 3*r - 95 + 284. Calculate o(-8).
8
Let b(j) = -4*j**3 - 10*j**2 + 2. Let v(z) = -5*z**3 - 10*z**2 + 3. Let l(p) = 4*b(p) - 3*v(p). Determine l(-10).
-1
Let m(x) = 2*x + 33. Let n be 21/((-5)/2 + 1). Let t be m(n). Let a(j) = -j + 3. Determine a(t).
-2
Let s(o) be the first derivative of -17 - 1/2*o**2 - 3*o. Calculate s(-3).
0
Let p be 1/5 + 38/10. Let z(s) = -p*s**2 - 3*s**2 + 12*s**2 - 6*s**2 + 3*s. Let g = -37 + 39. Determine z(g).
2
Let z(l) be the first derivative of 5 - 1/4*l**4 + 10*l + 1/2*l**2 - 1/3*l**3. What is z(0)?
10
Let h(i) be the second derivative of i**5/20 - i**4/12 - i**3/3 - 3*i**2/2 - 159*i. Suppose -2*l = -3*q + 1, 5*q + 5*l + 0*l = 35. Determine h(q).
9
Let j(g) = 4*g - 229. Let h be j(57). Let m(n) = -5*n**3 - 3*n**2 - 3*n. Calculate m(h).
5
Let y(h) = -5*h**2 + 7*h - 3. Let k(c) = -9*c**2 + 14*c - 6. Let g(o) = -6*k(o) + 11*y(o). What is g(-6)?
9
Let r(n) = 5*n**3 + 9*n**2 + n - 10. Let x(q) = 2*q**3 + q**2 + q - 1. Let d(m) = -r(m) + 2*x(m). Calculate d(-7).
1
Let d(r) = r + 2. Let y(x) = -2*x**3 + 14*x**2 + x - 5. Let k be y(7). Give d(k).
4
Suppose -8 = -37*z + 33*z. Let r be -7 - -4 - 2*z. Let m(p) = p - 7. Determine m(r).
-14
Let g(k) = k**2 + 2*k - 4. Let f = -19 - -19. Suppose 4*w + 13 - 1 = f. Give g(w).
-1
Let a(z) = z**2 + 5*z + 2. Suppose 67*k - 32 = 75*k. Give a(k).
-2
Suppose -3*o + 4*b + 24 = 2*o, -5*o - 5*b + 60 = 0. Suppose v + 6 = 16. Let k(c) = 2*c**2 - 6 - 17*c + v*c - c**2. Calculate k(o).
2
Suppose -3*g = -5*g - 2*s + 8, -3*g + 11 = 4*s. Let k(z) = -z**2 + 2*z + 2. What is k(g)?
-13
Suppose x + y = 4, -y + 5 = -0. Let t = 5 + x. Let c = -5 + t. Let w(n) = -3*n**2 - n - 1. Calculate w(c).
-3
Let l(h) = -h**2 + 7*h + 3. Let q be (-108)/15 + 6/30. Let g be q + 7 - (-31 + -1). Suppose -42 = -2*i - g. Calculate l(i).
13
Let d = -16 - -1. Let v = d + 22. Suppose -5*b + v*b + 14 = 0. Let l(s) = -2*s - 8. Give l(b).
6
Let a(s) = 28*s - 9*s - 11*s - 2 - s**2. Calculate a(6).
10
Let o(t) = t. Let k(a) be the first derivative of a**2 + 7*a - 7. Let z(m) = -k(m) + o(m). What is z(0)?
-7
Let l(v) = 5*v + 3.